{"id":48104,"date":"2026-05-06T10:01:35","date_gmt":"2026-05-06T08:01:35","guid":{"rendered":"https:\/\/www.lialo.blog\/de\/erlebnisse\/?page_id=48104"},"modified":"2026-05-07T09:55:31","modified_gmt":"2026-05-07T07:55:31","slug":"moelln","status":"publish","type":"page","link":"https:\/\/www.lialo.blog\/de\/erlebnisse\/deutschland\/moelln\/","title":{"rendered":"M\u00f6lln entdecken: Sehensw\u00fcrdigkeiten, Geheimtipps &amp; Touren \ud83d\udc4d"},"content":{"rendered":"\n<h2 class=\"wp-block-heading has-text-align-left\">M\u00f6lln &#8211; Historischer Charme in der Eulenspiegelstadt an der Lauenburgischen Seenplatte<\/h2>\n\n\n\n<p><span data-path-to-node=\"3,1\"><span class=\"citation-80\">Als zweitgr\u00f6\u00dfte Stadt im Kreis Herzogtum Lauenburg bietet M\u00f6lln eine perfekte Mischung aus historischer Fachwerkidylle und wundersch\u00f6ner Natur. Doch die Stadt steckt zudem voller kleiner Geheimnisse und humorvoller Geschichten rund um den weltber\u00fchmten Narren Till Eulenspiegel, der hier seine Sp\u00e4\u00dfe machte.<\/span><\/span><\/p>\n\n\n\n\t\t<style>\n\t\t\t.seo_cta {\n\t\t\t\ttext-align: center;\n\t\t\t\tmargin-top: 16px; \n\t\t\t}\n\t\t\t.wp-block-table .seo_cta {\n\t\t\t\tmargin-top: 0;\n\t\t\t}\n\t\t\t.seo_cta .button .mdc-button {\n\t\t\t\tbackground-color: #ffcf02;\n\t\t\t\theight: 48px;\n\t\t\t}\n\t\t<\/style>\n\t\n\t\t\t<div class=\"seo_cta\">\n\t\t\t\t<div class=\"button\">\n\t\t\t\t\t<div class=\"wp-block-material-button\"><a href=\"https:\/\/www.lialo.com\/de\/erlebnisse\/deutschland\/moelln\/stadtfuehrung\/\" class=\"mdc-button mdc-button--raised mdc-ripple-upgraded\"><i class=\"material-icons mdc-button__icon\">arrow_forward<\/i><div class=\"mdc-button__ripple\"><\/div><span class=\"mdc-button__label\">Auf eigene Faust entdecken!<\/span><\/a><\/div>\n\t\t\t\t<\/div>\n\t\t\t<\/div>\n\t\t\n\n\n<div class=\"tour_preview_images\">\n\t\t\t<style>\n\t\t\t\t.tour_preview_images {\n\t\t\t\t\tcontainer-type: inline-size;\n\t\t\t\t\tcontainer-name: gallery;\n\t\t\t\t}\n\t\t\t\t.tour_preview_images-grid {\n\t\t\t\t\tdisplay: flex;\n\t\t\t\t\tflex-wrap: wrap; \n\t\t\t\t\tgap: 1rem;\n\t\t\t\t\twidth: 100%;\n\t\t\t\t}\n\t\t\t\t.tour_preview_images-item {\n\t\t\t\t\twidth: 100%;\n\t\t\t\t\tflex-grow: 1;\n\t\t\t\t\taspect-ratio: 16 \/ 9; \n\t\t\t\t\toverflow: hidden;\n\t\t\t\t\tborder-radius: 4px;\n\t\t\t\t\tbackground-color: #ddd;\n\t\t\t\t}\n\t\t\t\t.tour_preview_images-item img {\n\t\t\t\t\twidth: 100%;\n\t\t\t\t\theight: 100%;\n\t\t\t\t\tobject-fit: cover;\n\t\t\t\t\tdisplay: block;\n\t\t\t\t\ttransition: transform 0.3s ease;\n\t\t\t\t}\n\t\t\t\t@container gallery (min-width: 300px) {\n\t\t\t\t\t.tour_preview_images-item {\n\t\t\t\t\t\twidth: calc((100% - 1rem) \/ 2);\n\t\t\t\t\t}\n\t\t\t\t}\n\t\t\t\t@container gallery (min-width: 600px) {\n\t\t\t\t\t.tour_preview_images-item {\n\t\t\t\t\t\twidth: calc((100% - 2rem) \/ 3);\n\t\t\t\t\t}\n\t\t\t\t}\n\t\t\t<\/style>\n\t\t<div class=\"tour_preview_images-grid\">\n\t\t\t    <div class=\"tour_preview_images-item\">\n                <img decoding=\"async\" \n                    src=\"https:\/\/images.lialo.com\/e89e8334-1425-40ec-a1e2-a04d6a0ba176@w1024.webp\" \n                    srcset=\"\n                        https:\/\/images.lialo.com\/e89e8334-1425-40ec-a1e2-a04d6a0ba176@w384.webp 384w,\n                        https:\/\/images.lialo.com\/e89e8334-1425-40ec-a1e2-a04d6a0ba176@w854.webp 854w,\n                        https:\/\/images.lialo.com\/e89e8334-1425-40ec-a1e2-a04d6a0ba176@w1024.webp 1024w\n                    \"\n                    sizes=\"(min-width: 840px) 840px, 100vw\"\n                    alt=\"M\u00f6lln Eulenspiegel Altstadtf\u00fchrung individueller Stadtrundgang\"\n\t\t\t\t\ttitle=\"\"\n                    loading=\"lazy\"\n                >\n            <\/div>\n\t\t\t\n\t\t\t    <div class=\"tour_preview_images-item\">\n                <img decoding=\"async\" \n                    src=\"https:\/\/images.lialo.com\/cc32b844-bb9c-4456-b84e-b7236fcb7157@w1024.webp\" \n                    srcset=\"\n                        https:\/\/images.lialo.com\/cc32b844-bb9c-4456-b84e-b7236fcb7157@w384.webp 384w,\n                        https:\/\/images.lialo.com\/cc32b844-bb9c-4456-b84e-b7236fcb7157@w854.webp 854w,\n                        https:\/\/images.lialo.com\/cc32b844-bb9c-4456-b84e-b7236fcb7157@w1024.webp 1024w\n                    \"\n                    sizes=\"(min-width: 840px) 840px, 100vw\"\n                    alt=\"M\u00f6lln Eulenspiegel Altstadtf\u00fchrung individueller Stadtrundgang\"\n\t\t\t\t\ttitle=\"\"\n                    loading=\"lazy\"\n                >\n            <\/div>\n\t\t\t\n\t\t\t    <div class=\"tour_preview_images-item\">\n                <img decoding=\"async\" \n                    src=\"https:\/\/images.lialo.com\/00d9a106-473a-4484-923a-131ec20d00d9@w1024.webp\" \n                    srcset=\"\n                        https:\/\/images.lialo.com\/00d9a106-473a-4484-923a-131ec20d00d9@w384.webp 384w,\n                        https:\/\/images.lialo.com\/00d9a106-473a-4484-923a-131ec20d00d9@w854.webp 854w,\n                        https:\/\/images.lialo.com\/00d9a106-473a-4484-923a-131ec20d00d9@w1024.webp 1024w\n                    \"\n                    sizes=\"(min-width: 840px) 840px, 100vw\"\n                    alt=\"M\u00f6lln Eulenspiegel Altstadtf\u00fchrung individueller Stadtrundgang\"\n\t\t\t\t\ttitle=\"\"\n                    loading=\"lazy\"\n                >\n            <\/div>\n\t\t\t\n\t\t\t    <div class=\"tour_preview_images-item\">\n                <img decoding=\"async\" \n                    src=\"https:\/\/images.lialo.com\/64ee783a-f876-414e-998f-68b122463699@w1024.webp\" \n                    srcset=\"\n                        https:\/\/images.lialo.com\/64ee783a-f876-414e-998f-68b122463699@w384.webp 384w,\n                        https:\/\/images.lialo.com\/64ee783a-f876-414e-998f-68b122463699@w854.webp 854w,\n                        https:\/\/images.lialo.com\/64ee783a-f876-414e-998f-68b122463699@w1024.webp 1024w\n                    \"\n                    sizes=\"(min-width: 840px) 840px, 100vw\"\n                    alt=\"M\u00f6lln Eulenspiegel Altstadtf\u00fchrung individueller Stadtrundgang\"\n\t\t\t\t\ttitle=\"\"\n                    loading=\"lazy\"\n                >\n            <\/div>\n\t\t\t<\/div><\/div>\n\n\n\n<h3 class=\"wp-block-heading\">Hilfreiche Tipps f\u00fcr die Stadt<\/h3>\n\n\n\n<div class=\"wp-block-faq-block-for-gutenberg-faq\" style=\"background:#f6f7f7\"><div class=\"question\" style=\"background:none;color:#000\"><h4 style=\"color:#000\">Was sind die wichtigsten Sehensw\u00fcrdigkeiten in M\u00f6lln?<\/h4><\/div><div class=\"answer\" style=\"background:none;color:#000\">Zu den absoluten Highlights z\u00e4hlen der historische Marktplatz mit der bekannten Eulenspiegel-Skulptur, das Historische Rathaus im Stil der Backsteingotik aus dem Jahr 1373 sowie die sp\u00e4tromanische St. Nicolaikirche aus dem 13. Jahrhundert.<\/div><\/div>\n\n\n\n<div class=\"wp-block-faq-block-for-gutenberg-faq\" style=\"background:#f6f7f7\"><div class=\"question\" style=\"background:none;color:#000\"><h4 style=\"color:#000\">Wo liegt M\u00f6lln?<\/h4><\/div><div class=\"answer\" style=\"background:none;color:#000\">M\u00f6lln liegt ca. 50 km \u00f6stlich von Hamburg in Schleswig-Holstein und ist umgeben von der idyllischen M\u00f6llner Seenplatte.<\/div><\/div>\n\n\n\n<div class=\"wp-block-faq-block-for-gutenberg-faq\" style=\"background:#f6f7f7\"><div class=\"question\" style=\"background:none;color:#000\"><h4 style=\"color:#000\">Wie komme ich von Hamburg nach M\u00f6lln?<\/h4><\/div><div class=\"answer\" style=\"background:none;color:#000\">Mit der Bahn gibt es t\u00e4glich regelm\u00e4\u00dfige Verbindungen. Allerdings musst du in B\u00fcchen vom Regionalexpress (DB) in den Regionalzug (Erixx) umsteigen. Plane f\u00fcr die Fahrt ca. 1,5 Stunden ein.<br>Mit dem Auto \u00fcber die A24 und B207 f\u00e4hrst du 50 km und bist in knapp 1 Stunde in M\u00f6lln.<\/div><\/div>\n\n\n\n<div class=\"wp-block-faq-block-for-gutenberg-faq\" style=\"background:#f6f7f7\"><div class=\"question\" style=\"background:none;color:#000\"><h4 style=\"color:#000\">Lohnt sich M\u00f6lln f\u00fcr einen Ausflug ans Wasser?<\/h4><\/div><div class=\"answer\" style=\"background:none;color:#000\">Ja, die historische Kleinstadt wird von insgesamt sechs Seen umschlossen. Die umwerfend sch\u00f6ne Naturkulisse l\u00e4sst sich besonders gut bei einer Bootstour erkunden, etwa mit dem original Amsterdamer Grachtenboot \u201eMS Till\u201c.<\/div><\/div>\n\n\n\n<div class=\"wp-block-faq-block-for-gutenberg-faq\" style=\"background:#f6f7f7\"><div class=\"question\" style=\"background:none;color:#000\"><h4 style=\"color:#000\">Welche kulinarischen Geschichten gibt es in M\u00f6lln?<\/h4><\/div><div class=\"answer\" style=\"background:none;color:#000\">Der Legende nach backte Till Eulenspiegel bei einem Schm\u00e4h-Streich einst w\u00f6rtlich \u201eEulen und Meerkatzen\u201c (kleine Affen) aus Teig. Heute ist ein solches Geb\u00e4ck mancherorts noch als \u201eUhlen un Apen\u201c bekannt.<\/div><\/div>\n\n\n\n\t\t<style>\n\t\t\t.seo_cta {\n\t\t\t\ttext-align: center;\n\t\t\t\tmargin-top: 16px; \n\t\t\t}\n\t\t\t.wp-block-table .seo_cta {\n\t\t\t\tmargin-top: 0;\n\t\t\t}\n\t\t\t.seo_cta .button .mdc-button {\n\t\t\t\tbackground-color: #ffcf02;\n\t\t\t\theight: 48px;\n\t\t\t}\n\t\t<\/style>\n\t\n\t\t\t<div class=\"seo_cta\">\n\t\t\t\t<div class=\"button\">\n\t\t\t\t\t<div class=\"wp-block-material-button\"><a href=\"https:\/\/www.lialo.com\/de\/erlebnisse\/deutschland\/moelln\/stadtfuehrung\/\" class=\"mdc-button mdc-button--raised mdc-ripple-upgraded\"><i class=\"material-icons mdc-button__icon\">arrow_forward<\/i><div class=\"mdc-button__ripple\"><\/div><span class=\"mdc-button__label\">Auf eigene Faust entdecken!<\/span><\/a><\/div>\n\t\t\t\t<\/div>\n\t\t\t<\/div>\n\t\t\n\n\n\n<h3 class=\"wp-block-heading\">M\u00f6lln Sehensw\u00fcrdigkeiten: Viele Details, die \u00fcberraschen<\/h3>\n\n\n\n<p>Das Herz der Stadt schl\u00e4gt auf dem historischen Marktplatz, der von urigem Fachwerk und Kopfsteinpflaster umgeben ist. Doch wer genau hinschaut, entdeckt viel mehr als nur die bekannten Klassiker:<\/p>\n\n\n\n<p>\ud83e\uddd0 <strong>Ehemalige Rats-Apotheke:<\/strong> In diesem Geb\u00e4ude in der Marktstra\u00dfe lebte um 1800 f\u00fcr kurze Zeit der hochgebildete Arzt und Chemiker Samuel Hahnemann, der Pionier und Begr\u00fcnder der Hom\u00f6opathie.<\/p>\n\n\n\n<p>\ud83e\uddd0 <strong>Der Schandpfahl:<\/strong> Auf dem Marktplatz steht ein historischer Pranger, an dem Verurteilte im Mittelalter \u00f6ffentliche Schande erdulden mussten.<\/p>\n\n\n\n<p>\ud83e\uddd0 <strong>Stadthauptmannshof:<\/strong> Ein eindrucksvolles Ensemble aus dem 15. bis 19. Jahrhundert, das unter anderem das Stadthauptmannshaus von 1414, ein Herrenhaus von 1550 und das klassizistische \u201eWei\u00dfe Haus\u201c umfasst.<\/p>\n\n\n\n<p>\ud83e\uddd0 <strong>Kurpark &amp; Wasserbewohner:<\/strong> Auf 40.000 Quadratmetern finden Besucher entspannende Oasen, eine Klangschale und Kunstwerke wie den \u201eEulenspiegel-Amboss\u201c. Im Wasser des angrenzenden Wallgrabens sind zudem s\u00fcdamerikanische Biberratten (Nutrias) heimisch geworden, die man gut vom Ufer aus beobachten kann.<\/p>\n\n\n\n<p><strong>Und viele mehr:<\/strong><\/p>\n\n\n\n\t\t<style>\n\t\t\t.seo_cta {\n\t\t\t\ttext-align: center;\n\t\t\t\tmargin-top: 16px; \n\t\t\t}\n\t\t\t.wp-block-table .seo_cta {\n\t\t\t\tmargin-top: 0;\n\t\t\t}\n\t\t\t.seo_cta .button .mdc-button {\n\t\t\t\tbackground-color: #ffcf02;\n\t\t\t\theight: 48px;\n\t\t\t}\n\t\t<\/style>\n\t\n\t\t\t<div class=\"seo_cta\">\n\t\t\t\t<div class=\"button\">\n\t\t\t\t\t<div class=\"wp-block-material-button\"><a href=\"https:\/\/www.lialo.com\/de\/erlebnisse\/deutschland\/moelln\/stadtfuehrung\/\" class=\"mdc-button mdc-button--raised mdc-ripple-upgraded\"><i class=\"material-icons mdc-button__icon\">arrow_forward<\/i><div class=\"mdc-button__ripple\"><\/div><span class=\"mdc-button__label\">Auf eigene Faust entdecken!<\/span><\/a><\/div>\n\t\t\t\t<\/div>\n\t\t\t<\/div>\n\t\t\n\n\n\n<h3 class=\"wp-block-heading\">\ud83d\udcdc Die Legende des gro\u00dfen Narren<\/h3>\n\n\n\n<p>Warum ist Till Eulenspiegel in M\u00f6lln so allgegenw\u00e4rtig? Der Volksnarr, der um 1300 geboren wurde, kam nach vielen Wanderschaften nach M\u00f6lln und verstarb hier im Jahr 1350. Er war weit mehr als nur ein Pausenclown; er diente der sp\u00e4tmittelalterlichen Gesellschaft als Spiegel, da er Aussagen und Befehle seiner Mitmenschen stets v\u00f6llig w\u00f6rtlich nahm und ihnen so ihre Dummheiten aufzeigte. Selbst nach seinem Tod trieb er noch Schabernack: Er vermachte den Ratsherren eine verschlossene Truhe, die statt Sch\u00e4tzen nur wertlose Steine und Schmutz enthielt.<\/p>\n\n\n\n<p>Um ihren umherstreifenden Schalk zu ehren, feiert die Stadt alle drei Jahre die ber\u00fchmten <strong>Eulenspiegel-Festspiele<\/strong>. Dann verwandelt sich der historische Marktplatz in eine magische Theaterkulisse, bei der \u00fcber 100 M\u00f6llner B\u00fcrgerinnen und B\u00fcrger in historischen Kost\u00fcmen auf der B\u00fchne stehen.<\/p>\n\n\n\n<h3 class=\"wp-block-heading\">\ud83d\ude0b Genuss f\u00fcr Entdecker<\/h3>\n\n\n\n<p>Nach dem Spaziergang durch die historische Altstadt laden gem\u00fctliche Caf\u00e9s und Restaurants zum Verweilen ein. Wer kulinarisch in die Welt des ber\u00fchmten Narren eintauchen m\u00f6chte, sollte nach einer ganz besonderen Spezialit\u00e4t suchen: Passend zur bekanntesten Sage der Stadt gibt es das Geb\u00e4ck \u201e<strong>Uhlen un Apen<\/strong>\u201c (Eulen und Meerkatzen). Die Geschichte dahinter ist typisch Eulenspiegel: Till sollte f\u00fcr einen B\u00e4cker eigentlich Brot backen, nahm dessen sp\u00f6ttische Anweisung aber w\u00f6rtlich und formte stattdessen die ganze Nacht lang kleine Teigfiguren in Form von Eulen und Meerkatzen. Er verkaufte sie am n\u00e4chsten Tag so erfolgreich vor der St.-Nicolaikirche, dass er am Ende mehr Geld einnahm als der Teig gekostet hatte.<\/p>\n\n\n\n<h3 class=\"wp-block-heading\">\ud83d\udca1 Wusstest du schon?<\/h3>\n\n\n\n<p>Der ber\u00fchmte irische Dichter George Bernard Shaw ist der bisher einzige Ehrenb\u00fcrger von M\u00f6lln. Das kam so: 1950 lud ihn die Stadt als \u201eEhreneulenspiegel\u201c ein. Shaw verstand das miss und bedankte sich in seiner Absage herzlich daf\u00fcr, Ehrenb\u00fcrger zu werden \u2013 woraufhin die Stadtv\u00e4ter entschieden, ihm diesen Titel tats\u00e4chlich zu verleihen.<\/p>\n\n\n\n<h3 class=\"wp-block-heading\">\ud83d\udc49 Tipp<\/h3>\n\n\n\n<p>Das Fahrgastschiff \u201eMS Till\u201c ist ein original Amsterdamer Grachtenboot. Es schippert seit 30 Jahren mit bis zu 50 Personen \u00fcber die sechs Seen, die M\u00f6lln umschlie\u00dfen. Erkunde die sch\u00f6ne Naturkulisse der M\u00f6llner Seenplatte doch bei einer Bootstour.<\/p>\n\n\n\n\t\t<style>\n\t\t\t.seo_cta {\n\t\t\t\ttext-align: center;\n\t\t\t\tmargin-top: 16px; \n\t\t\t}\n\t\t\t.wp-block-table .seo_cta {\n\t\t\t\tmargin-top: 0;\n\t\t\t}\n\t\t\t.seo_cta .button .mdc-button {\n\t\t\t\tbackground-color: #ffcf02;\n\t\t\t\theight: 48px;\n\t\t\t}\n\t\t<\/style>\n\t\n\t\t\t<div class=\"seo_cta\">\n\t\t\t\t<div class=\"button\">\n\t\t\t\t\t<div class=\"wp-block-material-button\"><a href=\"https:\/\/www.lialo.com\/de\/erlebnisse\/deutschland\/moelln\/stadtfuehrung\/\" class=\"mdc-button mdc-button--raised mdc-ripple-upgraded\"><i class=\"material-icons mdc-button__icon\">arrow_forward<\/i><div class=\"mdc-button__ripple\"><\/div><span class=\"mdc-button__label\">Auf eigene Faust entdecken!<\/span><\/a><\/div>\n\t\t\t\t<\/div>\n\t\t\t<\/div>\n\t\t\n\n\n<div class=\"seo_bottom\">\n\t\t<h3>Was ist lialo?<\/h3>\n\t\t<p><b>lialo<\/b> (Abk\u00fcrzung f\u00fcr <b>Li<\/b>ke<b> a<\/b> <b>Lo<\/b>cal) macht dein Smartphone zum pers\u00f6nlichen Stadtf\u00fchrer. Die digitalen Touren sind jederzeit verf\u00fcgbar, flexibel im Ablauf und bieten dir ein individuelles Erlebnis.<\/p>\n\t\t<p>Entdecke die Stadt authentisch \u2013 fast so, als w\u00fcrde sie dir ein guter Freund oder eine gute Freundin zeigen. Die Autor*innen erstellen ihre Touren mit \u2665\ufe0f vor Ort und teilen ihr Wissen, pers\u00f6nliche Anekdoten und echte Geheimtipps mit dir.<\/p>\n\t\t<figure class=\"wp-block-image size-full\"><a href=\"https:\/\/www.youtube.com\/watch?v=GbhiNKrMV3E\" target=\"_blank\" rel=\"noopener\"><img decoding=\"async\" width=\"846\" height=\"475\" src=\"https:\/\/www.lialo.blog\/de\/erlebnisse\/wp-content\/uploads\/2022\/10\/lialo-Thumbnail-2-2.jpg\" alt=\"\" class=\"wp-image-36441\" srcset=\"https:\/\/www.lialo.blog\/de\/erlebnisse\/wp-content\/uploads\/2022\/10\/lialo-Thumbnail-2-2.jpg 846w, https:\/\/www.lialo.blog\/de\/erlebnisse\/wp-content\/uploads\/2022\/10\/lialo-Thumbnail-2-2-300x168.jpg 300w, https:\/\/www.lialo.blog\/de\/erlebnisse\/wp-content\/uploads\/2022\/10\/lialo-Thumbnail-2-2-768x431.jpg 768w\" sizes=\"(max-width: 846px) 100vw, 846px\"><\/a><\/figure>\n\t\t<h4>Wenn du Fragen hast, melde dich gern bei uns<\/h4>\n\t\t<p>#gerneperdu<br><a href=\"mailto:hallo@lialo.com\">hallo@lialo.com<\/a><\/p>\n\t<\/div>\n","protected":false},"excerpt":{"rendered":"<p>M\u00f6lln &#8211; Historischer Charme in der Eulenspiegelstadt an der Lauenburgischen Seenplatte Als zweitgr\u00f6\u00dfte Stadt im Kreis Herzogtum Lauenburg bietet M\u00f6lln eine perfekte Mischung aus historischer Fachwerkidylle und wundersch\u00f6ner Natur. Doch die Stadt steckt zudem voller kleiner Geheimnisse und humorvoller Geschichten rund um den weltber\u00fchmten Narren Till Eulenspiegel, der hier seine Sp\u00e4\u00dfe machte. Hilfreiche Tipps f\u00fcr [&hellip;]<\/p>\n","protected":false},"author":2,"featured_media":48115,"parent":40165,"menu_order":0,"comment_status":"closed","ping_status":"closed","template":"","meta":{"_acf_changed":false,"material-hide-sections":[],"footnotes":""},"class_list":["post-48104","page","type-page","status-publish","has-post-thumbnail","hentry"],"acf":[],"_links":{"self":[{"href":"https:\/\/www.lialo.blog\/de\/erlebnisse\/wp-json\/wp\/v2\/pages\/48104","targetHints":{"allow":["GET"]}}],"collection":[{"href":"https:\/\/www.lialo.blog\/de\/erlebnisse\/wp-json\/wp\/v2\/pages"}],"about":[{"href":"https:\/\/www.lialo.blog\/de\/erlebnisse\/wp-json\/wp\/v2\/types\/page"}],"author":[{"embeddable":true,"href":"https:\/\/www.lialo.blog\/de\/erlebnisse\/wp-json\/wp\/v2\/users\/2"}],"replies":[{"embeddable":true,"href":"https:\/\/www.lialo.blog\/de\/erlebnisse\/wp-json\/wp\/v2\/comments?post=48104"}],"version-history":[{"count":4,"href":"https:\/\/www.lialo.blog\/de\/erlebnisse\/wp-json\/wp\/v2\/pages\/48104\/revisions"}],"predecessor-version":[{"id":48120,"href":"https:\/\/www.lialo.blog\/de\/erlebnisse\/wp-json\/wp\/v2\/pages\/48104\/revisions\/48120"}],"up":[{"embeddable":true,"href":"https:\/\/www.lialo.blog\/de\/erlebnisse\/wp-json\/wp\/v2\/pages\/40165"}],"wp:featuredmedia":[{"embeddable":true,"href":"https:\/\/www.lialo.blog\/de\/erlebnisse\/wp-json\/wp\/v2\/media\/48115"}],"wp:attachment":[{"href":"https:\/\/www.lialo.blog\/de\/erlebnisse\/wp-json\/wp\/v2\/media?parent=48104"}],"curies":[{"name":"wp","href":"https:\/\/api.w.org\/{rel}","templated":true}]}}